{"id":113,"date":"2019-11-14T20:31:42","date_gmt":"2019-11-14T19:31:42","guid":{"rendered":"https:\/\/www.pedagog.uw.edu.pl\/sal2020\/?page_id=113"},"modified":"2019-12-06T18:46:09","modified_gmt":"2019-12-06T17:46:09","slug":"scientific-committee","status":"publish","type":"page","link":"https:\/\/www.pedagog.uw.edu.pl\/sal2020\/en\/general-information\/scientific-committee\/","title":{"rendered":"Scientific Committee"},"content":{"rendered":"<p>prof. Agnieszka Bron, Stockholm University (Sweden)<br \/>\nprof. El\u017cbieta Dubas, University of Lodz (Poland)<br \/>\nprof. Artur Fabi\u015b, Pedagogical University of Cracow (Poland)<br \/>\nprof. Wojciech Hory\u0144, Military University of Land Forces (Poland)<br \/>\nprof. PaedDr. Miroslav Krysto\u0148, University of Banska (Slovakia)<br \/>\nprof. Nadiia Lutsan, Vasyl Stefanyk Precarpathian National University (Ukraine)<br \/>\ndr Tomasz Maliszewski, Polish Naval Academy (Poland)<br \/>\ndr hab. Agnieszka Naumiuk, University of Warsaw (Poland)<br \/>\ndr Adrianna Nizi\u0144ska, University of Gothenburg (Sweden)<br \/>\ndoc. Paed Dr. Ivan Pavlov, PhD., University of Banska (Slovakia)<br \/>\ndr Krzysztof Pier\u015bcieniak, University of Warsaw (Poland)<br \/>\nprof. Irina Popowa, P. G. Demidov Yaroslavl State University (Russia)<br \/>\nprof. Ewa Solarczyk-Ambrozik, University of Adam Mickiewicz (Poland)<br \/>\nprof. Hanna Solarczyk-Szwec, Nicolaus Copernicus University (Poland)<br \/>\nprof. Agnieszka Stopi\u0144ska-Paj\u0105k, WSB University (Poland)<br \/>\nprof. Zofia Szarota, University of Warsaw (Poland) &#8211; Committee Chair<br \/>\nOlga Toderash, Nur-Sultan, (Kazakhstan)<br \/>\nprof. PhDr. Jaroslav Vete\u0161ka, Ph.D., MBA, Univerzita Karlova (Czech)<br \/>\nprof. Anna Wi\u0142komirska, University of Warsaw (Poland)<br \/>\nprof. Susan M. Yelich Biniecki, Kansas State University, (USA)<br \/>\ndr Tatiana Zelenova, P. G. Demidov Yaroslavl State University (Russia)<br \/>\nprof. Anna Zieli\u0144ska, University of Warsaw (Poland)<\/p>\n","protected":false},"excerpt":{"rendered":"<p>prof. Agnieszka Bron, Stockholm University (Sweden) prof. El\u017cbieta Dubas, University of Lodz (Poland) prof. Artur Fabi\u015b, Pedagogical University of Cracow (Poland) prof. Wojciech Hory\u0144, Military University of Land Forces (Poland) prof. PaedDr. Miroslav Krysto\u0148, University of Banska (Slovakia) prof. Nadiia Lutsan, Vasyl Stefanyk Precarpathian National University (Ukraine) dr Tomasz Maliszewski, Polish Naval Academy (Poland) dr [&hellip;]<\/p>\n","protected":false},"author":1,"featured_media":0,"parent":109,"menu_order":0,"comment_status":"closed","ping_status":"closed","template":"","meta":{"footnotes":""},"class_list":["post-113","page","type-page","status-publish","hentry"],"_links":{"self":[{"href":"https:\/\/www.pedagog.uw.edu.pl\/sal2020\/wp-json\/wp\/v2\/pages\/113","targetHints":{"allow":["GET"]}}],"collection":[{"href":"https:\/\/www.pedagog.uw.edu.pl\/sal2020\/wp-json\/wp\/v2\/pages"}],"about":[{"href":"https:\/\/www.pedagog.uw.edu.pl\/sal2020\/wp-json\/wp\/v2\/types\/page"}],"author":[{"embeddable":true,"href":"https:\/\/www.pedagog.uw.edu.pl\/sal2020\/wp-json\/wp\/v2\/users\/1"}],"replies":[{"embeddable":true,"href":"https:\/\/www.pedagog.uw.edu.pl\/sal2020\/wp-json\/wp\/v2\/comments?post=113"}],"version-history":[{"count":6,"href":"https:\/\/www.pedagog.uw.edu.pl\/sal2020\/wp-json\/wp\/v2\/pages\/113\/revisions"}],"predecessor-version":[{"id":231,"href":"https:\/\/www.pedagog.uw.edu.pl\/sal2020\/wp-json\/wp\/v2\/pages\/113\/revisions\/231"}],"up":[{"embeddable":true,"href":"https:\/\/www.pedagog.uw.edu.pl\/sal2020\/wp-json\/wp\/v2\/pages\/109"}],"wp:attachment":[{"href":"https:\/\/www.pedagog.uw.edu.pl\/sal2020\/wp-json\/wp\/v2\/media?parent=113"}],"curies":[{"name":"wp","href":"https:\/\/api.w.org\/{rel}","templated":true}]}}