{"id":28,"date":"2019-11-07T17:25:42","date_gmt":"2019-11-07T16:25:42","guid":{"rendered":"https:\/\/www.pedagog.uw.edu.pl\/sal2020\/?page_id=28"},"modified":"2020-08-26T11:02:40","modified_gmt":"2020-08-26T09:02:40","slug":"wystapienia-i-publikacje","status":"publish","type":"page","link":"https:\/\/www.pedagog.uw.edu.pl\/sal2020\/informacje-organizacyjne\/wystapienia-i-publikacje\/","title":{"rendered":"Wyst\u0105pienia i publikacje"},"content":{"rendered":"<p>Szanowni Pa\u0144stwo,<\/p>\n<p>Komitet Naukowy i Organizacyjny\u00a0konferencji \u201ePrzestrzenie uczenia si\u0119 doros\u0142ych\u201d (Spaces of Adult Learning &#8211;\u00a0SAL 2020) informuje,\u00a0\u017ce na pro\u015bb\u0119 cz\u0119\u015bci uczestnik\u00f3w naszej konferencji podj\u0119li\u015bmy\u00a0decyzj\u0119 o wyd\u0142u\u017ceniu terminu nadsy\u0142ania tekst\u00f3w, przeznaczonych do publikacji pokonferencyjnych\u00a0<wbr \/>indeksowanych w bazach referencyjnych, takich jak WoS\u00a0lub Francis &amp; Taylor\u00a0Group\u00a0(wymagany tekst w j\u0119zyku angielskim). Prosimy zatem o nades\u0142anie tekstu\u00a0do 15 wrze\u015bnia 2020 roku. R\u00f3wnocze\u015bnie informujemy, \u017ce jest mo\u017cliwo\u015b\u0107 szybkiego umieszczenia artyku\u0142u konferencyjnego w czasopi\u015bmie &#8222;Edukacja Doros\u0142ych&#8221; nr 1\/2020 (20 punkt\u00f3w). Potencjalnych Autor\u00f3w prosimy\u00a0o nades\u0142anie manuskryptu na adres Redakcji [<a href=\"mailto:edukacja.doroslych@ata.edu.pl\" target=\"_blank\" rel=\"noopener noreferrer\">edukacja.doroslych@ata.edu.pl<\/a><wbr \/>\u00a0]\u00a0do ko\u0144ca czerwca br. Redakcja przyjmuje teksty w j\u0119zykach polskim i angielskim. O przyj\u0119ciu lub odrzuceniu\u00a0tekstu decyduj\u0105 recenzenci.<\/p>\n<p style=\"text-align: center;\">Z \u017cyczeniami zdrowia i serdecznymi pozdrowieniami,<\/p>\n<p style=\"text-align: right;\">Komitet Naukowo-Organizacyjny SAL2020<\/p>\n<hr \/>\n<p>Planujemy dwa rodzaje publikacji:<br \/>\nw czasopi\u015bmie \u201eEdukacja Doros\u0142ych\u201d<br \/>\nalbo<br \/>\nw monografii wieloautorskiej (pod warunkiem uzyskania pozytywnych recenzji).<\/p>\n<hr \/>\n<p><strong>Przypominamy, \u017ce na Pa\u0144stwa teksty czekamy do 15 wrze\u015bnia 2020 roku.<\/strong><\/p>\n<p>Zasady przygotowania tekst\u00f3w:<\/p>\n<ol>\n<li><a href=\"https:\/\/www.pedagog.uw.edu.pl\/sal2020\/wp-content\/uploads\/sites\/16\/2020\/08\/instructions-for-authors-tf.pdf\">Taylor and Francis<\/a><\/li>\n<li><a href=\"http:\/\/ata.edu.pl\/pliki\/edukacja-doroslych\/Zasady-przygotowania-i-przyjmowania-tekstow-ED-(pazdziernik-2018).pdf\">Edukacja Doros\u0142ych<\/a><\/li>\n<\/ol>\n<p>&nbsp;<\/p>\n","protected":false},"excerpt":{"rendered":"<p>Szanowni Pa\u0144stwo, Komitet Naukowy i Organizacyjny\u00a0konferencji \u201ePrzestrzenie uczenia si\u0119 doros\u0142ych\u201d (Spaces of Adult Learning &#8211;\u00a0SAL 2020) informuje,\u00a0\u017ce na pro\u015bb\u0119 cz\u0119\u015bci uczestnik\u00f3w naszej konferencji podj\u0119li\u015bmy\u00a0decyzj\u0119 o wyd\u0142u\u017ceniu terminu nadsy\u0142ania tekst\u00f3w, przeznaczonych do publikacji pokonferencyjnych\u00a0indeksowanych w bazach referencyjnych, takich jak WoS\u00a0lub Francis &amp; Taylor\u00a0Group\u00a0(wymagany tekst w j\u0119zyku angielskim). Prosimy zatem o nades\u0142anie tekstu\u00a0do 15 wrze\u015bnia 2020 roku. [&hellip;]<\/p>\n","protected":false},"author":1,"featured_media":0,"parent":19,"menu_order":0,"comment_status":"closed","ping_status":"closed","template":"","meta":{"footnotes":""},"class_list":["post-28","page","type-page","status-publish","hentry"],"_links":{"self":[{"href":"https:\/\/www.pedagog.uw.edu.pl\/sal2020\/wp-json\/wp\/v2\/pages\/28","targetHints":{"allow":["GET"]}}],"collection":[{"href":"https:\/\/www.pedagog.uw.edu.pl\/sal2020\/wp-json\/wp\/v2\/pages"}],"about":[{"href":"https:\/\/www.pedagog.uw.edu.pl\/sal2020\/wp-json\/wp\/v2\/types\/page"}],"author":[{"embeddable":true,"href":"https:\/\/www.pedagog.uw.edu.pl\/sal2020\/wp-json\/wp\/v2\/users\/1"}],"replies":[{"embeddable":true,"href":"https:\/\/www.pedagog.uw.edu.pl\/sal2020\/wp-json\/wp\/v2\/comments?post=28"}],"version-history":[{"count":6,"href":"https:\/\/www.pedagog.uw.edu.pl\/sal2020\/wp-json\/wp\/v2\/pages\/28\/revisions"}],"predecessor-version":[{"id":341,"href":"https:\/\/www.pedagog.uw.edu.pl\/sal2020\/wp-json\/wp\/v2\/pages\/28\/revisions\/341"}],"up":[{"embeddable":true,"href":"https:\/\/www.pedagog.uw.edu.pl\/sal2020\/wp-json\/wp\/v2\/pages\/19"}],"wp:attachment":[{"href":"https:\/\/www.pedagog.uw.edu.pl\/sal2020\/wp-json\/wp\/v2\/media?parent=28"}],"curies":[{"name":"wp","href":"https:\/\/api.w.org\/{rel}","templated":true}]}}

Wystąpienia i publikacje

<p>Szanowni Państwo,</p>
<p>Komitet Naukowy i Organizacyjny konferencji „Przestrzenie uczenia się dorosłych” (Spaces of Adult Learning &#8211; SAL 2020) informuje, że na prośbę części uczestników naszej konferencji podjęliśmy decyzję o wydłużeniu terminu nadsyłania tekstów, przeznaczonych do publikacji pokonferencyjnych <wbr />indeksowanych w bazach referencyjnych, takich jak WoS lub Francis &amp; Taylor Group (wymagany tekst w języku angielskim). Prosimy zatem o nadesłanie tekstu do 15 września 2020 roku. Równocześnie informujemy, że jest możliwość szybkiego umieszczenia artykułu konferencyjnego w czasopiśmie &#8222;Edukacja Dorosłych&#8221; nr 1/2020 (20 punktów). Potencjalnych Autorów prosimy o nadesłanie manuskryptu na adres Redakcji [<a href="mailto:edukacja.doroslych@ata.edu.pl" target="_blank" rel="noopener noreferrer">edukacja.doroslych@ata.edu.pl</a><wbr /> ] do końca czerwca br. Redakcja przyjmuje teksty w językach polskim i angielskim. O przyjęciu lub odrzuceniu tekstu decydują recenzenci.</p>
<p style="text-align: center;">Z życzeniami zdrowia i serdecznymi pozdrowieniami,</p>
<p style="text-align: right;">Komitet Naukowo-Organizacyjny SAL2020</p>
<hr />
<p>Planujemy dwa rodzaje publikacji:<br />
w czasopiśmie „Edukacja Dorosłych”<br />
albo<br />
w monografii wieloautorskiej (pod warunkiem uzyskania pozytywnych recenzji).</p>
<hr />
<p><strong>Przypominamy, że na Państwa teksty czekamy do 15 września 2020 roku.</strong></p>
<p>Zasady przygotowania tekstów:</p>
<ol>
<li><a href="https://www.pedagog.uw.edu.pl/sal2020/wp-content/uploads/sites/16/2020/08/instructions-for-authors-tf.pdf">Taylor and Francis</a></li>
<li><a href="http://ata.edu.pl/pliki/edukacja-doroslych/Zasady-przygotowania-i-przyjmowania-tekstow-ED-(pazdziernik-2018).pdf">Edukacja Dorosłych</a></li>
</ol>
<p>&nbsp;</p>

<p>Szanowni Państwo, Komitet Naukowy i Organizacyjny konferencji „Przestrzenie uczenia się dorosłych” (Spaces of Adult Learning &#8211; SAL 2020) informuje, że na prośbę części uczestników naszej konferencji podjęliśmy decyzję o wydłużeniu terminu nadsyłania tekstów, przeznaczonych do publikacji pokonferencyjnych indeksowanych w bazach referencyjnych, takich jak WoS lub Francis &amp; Taylor Group (wymagany tekst w języku angielskim). Prosimy zatem o nadesłanie tekstu do 15 września 2020 roku. [&hellip;]</p>
