{"id":326,"date":"2020-06-28T22:40:18","date_gmt":"2020-06-28T20:40:18","guid":{"rendered":"https:\/\/www.pedagog.uw.edu.pl\/sal2020\/?page_id=326"},"modified":"2020-06-28T22:40:56","modified_gmt":"2020-06-28T20:40:56","slug":"komunikat-v","status":"publish","type":"page","link":"https:\/\/www.pedagog.uw.edu.pl\/sal2020\/komunikat-v\/","title":{"rendered":"Komunikat V"},"content":{"rendered":"<p>Szanowni Pa\u0144stwo,<\/p>\n<p>Komitet Naukowy i Organizacyjny\u00a0konferencji \u201ePrzestrzenie uczenia si\u0119 doros\u0142ych\u201d (Spaces of Adult Learning &#8211;\u00a0SAL 2020) informuje,\u00a0\u017ce na pro\u015bb\u0119 cz\u0119\u015bci uczestnik\u00f3w naszej konferencji podj\u0119li\u015bmy\u00a0decyzj\u0119 o wyd\u0142u\u017ceniu terminu nadsy\u0142ania tekst\u00f3w, przeznaczonych do publikacji pokonferencyjnych\u00a0<wbr \/>indeksowanych w bazach referencyjnych, takich jak WoS\u00a0lub Francis &amp; Taylor\u00a0Group\u00a0(wymagany tekst w j\u0119zyku angielskim). Prosimy zatem o nades\u0142anie tekstu\u00a0do 15 wrze\u015bnia 2020 roku. R\u00f3wnocze\u015bnie informujemy, \u017ce jest mo\u017cliwo\u015b\u0107 szybkiego umieszczenia artyku\u0142u konferencyjnego w czasopi\u015bmie &#8222;Edukacja Doros\u0142ych&#8221; nr 1\/2020 (20 punkt\u00f3w). Potencjalnych Autor\u00f3w prosimy\u00a0o nades\u0142anie manuskryptu na adres Redakcji [<a href=\"mailto:edukacja.doroslych@ata.edu.pl\" target=\"_blank\" rel=\"noopener noreferrer\">edukacja.doroslych@ata.edu.pl<\/a><wbr \/>\u00a0]\u00a0do ko\u0144ca czerwca br. Redakcja przyjmuje teksty w j\u0119zykach polskim i angielskim. O przyj\u0119ciu lub odrzuceniu\u00a0tekstu decyduj\u0105 recenzenci.<\/p>\n<p style=\"text-align: center;\">Z \u017cyczeniami zdrowia i serdecznymi pozdrowieniami,<\/p>\n<p style=\"text-align: center;\">Komitet Naukowo-Organizacyjny SAL2020<\/p>\n","protected":false},"excerpt":{"rendered":"<p>Szanowni Pa\u0144stwo, Komitet Naukowy i Organizacyjny\u00a0konferencji \u201ePrzestrzenie uczenia si\u0119 doros\u0142ych\u201d (Spaces of Adult Learning &#8211;\u00a0SAL 2020) informuje,\u00a0\u017ce na pro\u015bb\u0119 cz\u0119\u015bci uczestnik\u00f3w naszej konferencji podj\u0119li\u015bmy\u00a0decyzj\u0119 o wyd\u0142u\u017ceniu terminu nadsy\u0142ania tekst\u00f3w, przeznaczonych do publikacji pokonferencyjnych\u00a0indeksowanych w bazach referencyjnych, takich jak WoS\u00a0lub Francis &amp; Taylor\u00a0Group\u00a0(wymagany tekst w j\u0119zyku angielskim). Prosimy zatem o nades\u0142anie tekstu\u00a0do 15 wrze\u015bnia 2020 roku. [&hellip;]<\/p>\n","protected":false},"author":1,"featured_media":0,"parent":0,"menu_order":0,"comment_status":"closed","ping_status":"closed","template":"","meta":{"footnotes":""},"class_list":["post-326","page","type-page","status-publish","hentry"],"_links":{"self":[{"href":"https:\/\/www.pedagog.uw.edu.pl\/sal2020\/wp-json\/wp\/v2\/pages\/326","targetHints":{"allow":["GET"]}}],"collection":[{"href":"https:\/\/www.pedagog.uw.edu.pl\/sal2020\/wp-json\/wp\/v2\/pages"}],"about":[{"href":"https:\/\/www.pedagog.uw.edu.pl\/sal2020\/wp-json\/wp\/v2\/types\/page"}],"author":[{"embeddable":true,"href":"https:\/\/www.pedagog.uw.edu.pl\/sal2020\/wp-json\/wp\/v2\/users\/1"}],"replies":[{"embeddable":true,"href":"https:\/\/www.pedagog.uw.edu.pl\/sal2020\/wp-json\/wp\/v2\/comments?post=326"}],"version-history":[{"count":2,"href":"https:\/\/www.pedagog.uw.edu.pl\/sal2020\/wp-json\/wp\/v2\/pages\/326\/revisions"}],"predecessor-version":[{"id":328,"href":"https:\/\/www.pedagog.uw.edu.pl\/sal2020\/wp-json\/wp\/v2\/pages\/326\/revisions\/328"}],"wp:attachment":[{"href":"https:\/\/www.pedagog.uw.edu.pl\/sal2020\/wp-json\/wp\/v2\/media?parent=326"}],"curies":[{"name":"wp","href":"https:\/\/api.w.org\/{rel}","templated":true}]}}